{"id":66,"date":"2015-04-06T17:03:19","date_gmt":"2015-04-06T15:03:19","guid":{"rendered":"http:\/\/wtzolsztynek.idsl.pl\/?page_id=66"},"modified":"2024-04-12T18:49:11","modified_gmt":"2024-04-12T16:49:11","slug":"strona-glowna-2","status":"publish","type":"page","link":"https:\/\/wtzolsztynek.idsl.pl\/","title":{"rendered":"Strona g\u0142\u00f3wna"},"content":{"rendered":"<h2 style=\"text-align: center;\"><a href=\"http:\/\/wtzolsztynek.idsl.pl\/wp-content\/uploads\/Logo-WTZ.jpg\"><img loading=\"lazy\" decoding=\"async\" class=\" wp-image-10992 aligncenter\" src=\"http:\/\/wtzolsztynek.idsl.pl\/wp-content\/uploads\/Logo-WTZ-212x300.jpg\" alt=\"\" width=\"184\" height=\"260\" srcset=\"https:\/\/wtzolsztynek.idsl.pl\/wp-content\/uploads\/Logo-WTZ-212x300.jpg 212w, https:\/\/wtzolsztynek.idsl.pl\/wp-content\/uploads\/Logo-WTZ-724x1024.jpg 724w, https:\/\/wtzolsztynek.idsl.pl\/wp-content\/uploads\/Logo-WTZ-768x1087.jpg 768w, https:\/\/wtzolsztynek.idsl.pl\/wp-content\/uploads\/Logo-WTZ-660x934.jpg 660w, https:\/\/wtzolsztynek.idsl.pl\/wp-content\/uploads\/Logo-WTZ.jpg 826w\" sizes=\"auto, (max-width: 184px) 100vw, 184px\" \/><\/a><strong>Witamy na stronie Warsztat\u00f3w Terapii Zaj\u0119ciowej w Olsztynku!<\/strong><\/h2>\n<div class=\"entry-content\">\n<p style=\"text-align: justify;\" data-wahfont=\"14\"><strong>Warsztaty Terapii Zaj\u0119ciowej w Olsztynku<\/strong>&nbsp;dzia\u0142aj\u0105 przy&nbsp;<strong>Stowarzyszeniu na Rzecz Os\u00f3b Niepe\u0142nosprawnych i Ich Rodzin<\/strong>&nbsp;od 2007 roku<strong>.&nbsp;<\/strong>Plac\u00f3wka prowadzi rehabilitacj\u0119 spo\u0142eczno-zawodow\u0105 dla 30 os\u00f3b. Uczestnicy pochodz\u0105 z gmin: Olsztynek, Gietrzwa\u0142d oraz Grunwald. Kierownikiem Warsztat\u00f3w Terapii Zaj\u0119ciowej w Olsztynku jest&nbsp;Iwona Panasiuk \u2013 Kowalewska.<\/p>\n<p style=\"text-align: justify;\" data-wahfont=\"14\">Celem WTZ jest d\u0105\u017cenie do usamodzielnienia uczestnik\u00f3w, poprzez wyposa\u017cenie ich w umiej\u0119tno\u015bci wykonywania czynno\u015bci \u017cycia codziennego oraz zaradno\u015bci osobistej, a tak\u017ce rozwijania psychofizycznych sprawno\u015bci oraz podstawowych i specjalistycznych umiej\u0119tno\u015bci zawodowych, umo\u017cliwiaj\u0105cych uczestnictwo w szkoleniu zawodowym albo podj\u0119cie pracy.<\/p>\n<p style=\"text-align: justify;\" data-wahfont=\"14\">Rehabilitacj\u0119 spo\u0142eczno-zawodow\u0105 przeprowadzaj\u0105 instruktorzy terapii zaj\u0119ciowej w 6 pracowniach: komputerowo-fotograficznej, dekoratorskiej, r\u0119kodzielniczej, przyrodniczo-plastycznej, rze\u017abiarsko-technicznej, gospodarstwa domowego.<\/p>\n<p style=\"text-align: justify;\" data-wahfont=\"14\"><b>PRACOWANIA KOMPUTEROWO-FOTOGRAFICZNA<\/b><\/p>\n<p style=\"text-align: justify;\" data-wahfont=\"14\">Uczestnicy ucz\u0105 si\u0119 obs\u0142ugi komputera, poznaj\u0105c jego&nbsp; podstawowe funkcje oraz cz\u0119\u015bci sk\u0142adowe. Opracowuj\u0105 teksty mi\u0119dzy innymi dokument\u00f3w aplikacyjnych (CV, listy motywacyjne), jak i pisz\u0105 wiersze, artyku\u0142y. Uczestnicy prowadz\u0105 pod okiem instruktora stron\u0119 internetow\u0105 WTZ, a tak\u017ce fanpage WTZ na Facebooku,&nbsp; publikuj\u0105 aktualne wydarzenia, umieszczaj\u0105 zdj\u0119cia w galerii, kt\u00f3re s\u0105 wykonywane aparatem cyfrowym przez podopiecznych pracowni. Zajmuj\u0105 si\u0119 tworzeniem kart okoliczno\u015bciowych, zaprosze\u0144, czy wizyt\u00f3wek. Korzystaj\u0105 z edytor\u00f3w graficznych, tworz\u0105c lub przerabiaj\u0105c wykonane wcze\u015bniej zdj\u0119cia. Od niedawna zajmuj\u0105 si\u0119 r\u00f3wnie\u017c sublimacj\u0105, tworz\u0105c nadruki na kubki i koszulki, dzi\u0119ki zakupionym urz\u0105dzeniom w ramach projektu \u201eAktywni niepe\u0142nosprawni \u2013 narz\u0119dzia wsparcia samodzielno\u015bci os\u00f3b niepe\u0142nosprawnych\u201d. Bior\u0105 tak\u017ce udzia\u0142 w r\u00f3\u017cnego rodzaju konkursach fotograficznych, literackich, jak i filmowych.<\/p>\n<p style=\"text-align: justify;\" data-wahfont=\"14\"><b>PRACOWNIA RZE\u0179BIARSKO-TECHNICZNA<\/b><\/p>\n<p style=\"text-align: justify;\" data-wahfont=\"14\">Terapia w pracowni prowadzona jest dwukierunkowo. Pierwszy kierunek to rozwijanie umiej\u0119tno\u015bci plastycznych poprzez nauk\u0119 rze\u017aby w drewnie i rysunku. Dzi\u0119ki czemu uczestnicy rozwijaj\u0105 wyobra\u017ani\u0119 i usprawniaj\u0105 funkcje manualne, oraz zwi\u0119kszaj\u0105 poczucie w\u0142asnej warto\u015bci. Drugi kierunek to rozwijanie&nbsp; umiej\u0119tno\u015bci zawodowych i zaradno\u015bci w \u017cyciu codziennym np. wykonywanie prostych napraw, prac konserwatorskich i porz\u0105dkowych.<b><\/b><\/p>\n<p style=\"text-align: justify;\" data-wahfont=\"14\"><b>PRACOWNIA GOSPODARSTWA DOMOWEGO<\/b><\/p>\n<p style=\"text-align: justify;\" data-wahfont=\"14\">Uczestnicy pod czujnym okiem instruktora zdobywaj\u0105 wiedz\u0119 z zakresu gastronomii. Ponadto ucz\u0105 si\u0119 podstawowych czynno\u015bci przydatnych w \u017cyciu codziennym, poznaj\u0105 podstawy savoir \u2013 vivre, ucz\u0105 si\u0119 jak bezpiecznie obs\u0142ugiwa\u0107 sprz\u0119t AGD. Sprz\u0119t w pracowni zosta\u0142 znacznie zmodernizowany i poszerzony, dzi\u0119ki dofinansowaniu z projektu \u201eAktywni niepe\u0142nosprawni \u2013 narz\u0119dzia wsparcia samodzielno\u015bci os\u00f3b niepe\u0142nosprawnych\u201d. Uczestniczy maj\u0105 mo\u017cliwo\u015b\u0107 zdobywania nowych umiej\u0119tno\u015bci zawodowych. Podstawow\u0105 przes\u0142ank\u0105 uczestnictwa w pracowni jest przestrzeganie zasad higieny osobistej na stanowisku pracy podczas przygotowania posi\u0142ku i w trakcie konsumpcji. Rozwijane s\u0105 umiej\u0119tno\u015bci estetycznego podawania i przygotowywania pocz\u0119stunku. Uczestnicy bior\u0105 udzia\u0142 w planowaniu niezb\u0119dnych zakup\u00f3w, wraz z instruktorem kupuj\u0105 potrzebne produkty.<\/p>\n<p style=\"text-align: justify;\" data-wahfont=\"14\"><b>PRACOWNIA PLASTYCZNO-PRZYRODNICZA<\/b><\/p>\n<p style=\"text-align: justify;\" data-wahfont=\"14\">Uczestnicy pracowni pos\u0142uguj\u0105 si\u0119 typowymi materia\u0142ami takimi, jak: farby, plastelina, papier kolorowy. Wykorzystuj\u0105 r\u00f3\u017cne techniki plastyczne \u2013 dostosowane do zainteresowa\u0144 i zdolno\u015bci. R\u00f3\u017cnorodno\u015b\u0107 technik i materia\u0142\u00f3w proponowanych uczestnikom pozwala na wyb\u00f3r najbardziej odpowiadaj\u0105cej im formie ekspresji tw\u00f3rczej. Ka\u017cdy decyduje sam zar\u00f3wno o wyborze techniki jak i temacie pracy. Praca tw\u00f3rcza sprawia uczestnikom wiele rado\u015bci i daje du\u017co satysfakcji. Uczestnicy rozwijaj\u0105 tutaj swoje zdolno\u015bci plastyczne. Zapoznaj\u0105 si\u0119 z podstawowymi technikami \u2013 malarstwem, rysunkiem. Bardzo wa\u017cn\u0105 rzecz\u0105 jest mo\u017cliwo\u015b\u0107 doskonalenia koordynacji wzrokowo \u2013 ruchowej. Innym r\u00f3wnie istotnym elementem jest usprawnianie sprawno\u015bci manualnej. Formy prac ogrodniczych na terenie o\u015brodka s\u0105 realizowane poprzez: upraw\u0119 i piel\u0119gnacj\u0119 ro\u015blin ozdobnych i u\u017cytkowych, nauk\u0119 pos\u0142ugiwania si\u0119 narz\u0119dziami ogrodniczymi, wysiew kie\u0142k\u00f3w i zi\u00f3\u0142 w pracowni. Dbanie o drzewka owocowe i r\u00f3\u017ce oraz piel\u0119gnacja trawnika. Podopieczni poprzez prace ogrodowe i porz\u0105dkowe stawiaj\u0105 kroki ku uzawodowieniu i znalezieniu si\u0119 na otwartym rynku pracy.<\/p>\n<p style=\"text-align: justify;\" data-wahfont=\"14\"><b>PRACOWNIA R\u0118KODZIELNICZA<br \/>\n<\/b><\/p>\n<p style=\"text-align: justify;\" data-wahfont=\"14\">W pracowni rozwija si\u0119 zdolno\u015bci poznawcze, intelektualne, wp\u0142ywa na sprawno\u015b\u0107 psychomotoryczn\u0105, cierpliwo\u015b\u0107 i staranno\u015b\u0107 wykonywanych prac. Uczestnicy ucz\u0105 si\u0119 pos\u0142ugiwa\u0107 przyborami do kroju, szycia i haftu, opanowuj\u0105 techniki szycia na maszynie, poznaj\u0105 \u015bciegi, podstawowe i ozdobne, ucz\u0105 si\u0119 zdobienia tkaniny przez aplikacj\u0119. Nabywaj\u0105 umiej\u0119tno\u015bci bezpiecznego pos\u0142ugiwania si\u0119 \u017celazkiem. W pracowni powstaj\u0105 takie wyroby jak: lalki z materia\u0142u, torby, maskotki, breloki, wyroby z papierowej wikliny oraz dekoracje bo\u017conarodzeniowe i wielkanocne.&nbsp; Uczestnictwo w zaj\u0119ciach wp\u0142ywa korzystnie na wzrost samooceny, pozwala pozna\u0107 warto\u015b\u0107 pracy, uczy wsp\u00f3\u0142pracy w grupie. Wykonanie najprostszej pracy kszta\u0142tuje koordynacj\u0119 wzrokowo-ruchow\u0105, sprawno\u015b\u0107 manualn\u0105, rozwija logiczne my\u015blenie i wyobra\u017ani\u0119 uczestnik\u00f3w.<\/p>\n<p style=\"text-align: justify;\" data-wahfont=\"14\"><b>PRACOWANIA DEKORATORSKA<\/b><\/p>\n<p style=\"text-align: justify;\" data-wahfont=\"14\">Uczestnicy poznaj\u0105 podstawowe techniki&nbsp; modelowania wyrob\u00f3w z masy solnej i papierowej oraz sposobem ich zdobienia. Ucz\u0105 si\u0119 dekorowania produkt\u00f3w stworzonych w pracowni, jak i zakupionych. Powstaje wiele prac wykonanych na drewnie technik\u0105 decoupage: skrzyneczki, deseczki, obrazki i ikony. Uczestnicy r\u00f3wnie\u017c ucz\u0105 si\u0119 wytwarza\u0107 \u015bwiece zapachowe i ozdabia\u0107 je suszonymi zio\u0142ami. W ramach projektu \u201eAktywni niepe\u0142nosprawni \u2013 narz\u0119dzia wsparcia samodzielno\u015bci os\u00f3b niepe\u0142nosprawnych\u201d zosta\u0142 zakupiony piec do wypa\u0142u ceramiki. Dzi\u0119ki temu uczestnicy maj\u0105 mo\u017cliwo\u015b\u0107 pracy w glinie. Pod czas zaj\u0119\u0107 rozwijana jest wyobra\u017ania. Podopieczni poznaj\u0105 w\u0142a\u015bciwo\u015bci materia\u0142\u00f3w i co najwa\u017cniejsze usprawniaj\u0105 zdolno\u015bci manualne i koordynacj\u0119 wzrokowo-ruchow\u0105. Uczestnicy pracowni dekoratorskiej bior\u0105 tak\u017ce udzia\u0142 w udekorowaniu sto\u0142\u00f3w i sal na r\u00f3\u017cne uroczysto\u015bci i \u015bwi\u0119ta.<\/p>\n<p style=\"text-align: justify;\" data-wahfont=\"14\"><b>MUZYKOTERAPIA<br \/>\n<\/b><\/p>\n<p style=\"text-align: justify;\" data-wahfont=\"14\">Pracownia muzyczna to miejsce, w kt\u00f3rym uczestnicy mog\u0105 wyzwoli\u0107 sw\u00f3j potencja\u0142 tw\u00f3rczy, energi\u0119 i rozkoszowa\u0107 si\u0119 muzyk\u0105 na wszelkie sposoby. Cz\u0119sto graj\u0105 na r\u00f3\u017cnorodnych instrumentach muzycznych. Tworz\u0105c zesp\u00f3\u0142 muzyczny przygotowuj\u0105 si\u0119 do wyst\u0119p\u00f3w na festynach i koncertach.<\/p>\n<p style=\"text-align: justify;\" data-wahfont=\"14\">Ucz\u0105 si\u0119 nowych piosenek, s\u0142uchaj\u0105c innych wykonawc\u00f3w. Czasami wcielaj\u0105 si\u0119 w rol\u0119 aktor\u00f3w i \u0107wicz\u0105 etiudy teatralne. Bior\u0105 udzia\u0142 w zaj\u0119ciach z zakresu choreografii, emisji g\u0142osu, dykcji i recytacji. S\u0142uchaj\u0105c muzyki wyciszaj\u0105cej znajduj\u0105 spok\u00f3j i harmoni\u0119.<\/p>\n<p style=\"text-align: justify;\" data-wahfont=\"14\"><b>REHABILITACJA<br \/>\n<\/b><\/p>\n<p style=\"text-align: justify;\" data-wahfont=\"14\">G\u0142\u00f3wnym celem rehabilitacji ruchowej w WTZ jest przywr\u00f3cenie maksymalnie mo\u017cliwej sprawno\u015bci fizycznej i komfortu \u017cycia naszego uczestnika poprzez:<\/p>\n<ul style=\"text-align: justify;\">\n<li>Popraw\u0119 og\u00f3lnej sprawno\u015bci motorycznej;<\/li>\n<li>Wzmacnianie si\u0142y mi\u0119\u015bniowej;<\/li>\n<li>Eliminowanie ogranicze\u0144 w stawach;<\/li>\n<li>Popraw\u0119 kr\u0105\u017cenia;<\/li>\n<li>Zwi\u0119kszenie pojemno\u015bci \u017cyciowej p\u0142uc;<\/li>\n<li>Dostarczanie prawid\u0142owych wzorc\u00f3w psychomotorycznych w tym budowanie i uzyskanie wzorca prawid\u0142owej postawy i prawid\u0142owego przenoszenia ci\u0119\u017caru cia\u0142a;<\/li>\n<li>Stymulacj\u0119 koordynacji wzrokowo-ruchowej;<\/li>\n<li>Wiar\u0119 we w\u0142asne si\u0142y i mo\u017cliwo\u015bci.<\/li>\n<\/ul>\n<p style=\"text-align: justify;\" data-wahfont=\"14\">Realizacja cel\u00f3w odbywa si\u0119 poprzez :<\/p>\n<p style=\"text-align: justify;\" data-wahfont=\"14\">\u2013 \u0107wiczenia na sprz\u0119cie rehabilitacyjnym;<br \/>\n\u2013 gry i zabawy ruchowe na powietrzu;<br \/>\n\u2013 \u0107wiczenia og\u00f3lnokondycyjne;<br \/>\n\u2013 zabiegi fizykalne i \u015bwiat\u0142olecznictwo (leczenie stan\u00f3w b\u00f3lowych i zapalnych);.<\/p>\n<p style=\"text-align: justify;\" data-wahfont=\"14\">W trakcie wsp\u00f3\u0142pracy wykorzystuje si\u0119 r\u00f3\u017cne metody terapeutyczne diagnozuj\u0105c i dopasowuj\u0105c mo\u017cliwe terapie do potrzeb osoby niepe\u0142nosprawnej.<\/p>\n<p style=\"text-align: justify;\" data-wahfont=\"14\"><strong>PSYCHOLOG<\/strong><\/p>\n<p style=\"text-align: justify;\" data-wahfont=\"14\">Gabinet psychologa w WTZ to miejsce, gdzie uczestnicy mog\u0105 przyj\u015b\u0107 ze swoimi problemami, zmartwieniami, podzieli\u0107 si\u0119 emocjami. Poza konsultacjami wspieraj\u0105cymi i spotkaniami maj\u0105cymi charakter interwencyjny, odbywaj\u0105 si\u0119 tu indywidualne i grupowe zaj\u0119cia psychoedukacyjno-terapeutyczne, s\u0142u\u017c\u0105ce m. in. rozwijaniu inteligencji emocjonalnej, poznawaniu swoich mocnych i s\u0142abych stron, wspieraniu w rozwoju zainteresowa\u0144 i treningu funkcji poznawczych. Psycholog prowadzi badania testowe i ocenia mo\u017cliwo\u015bci intelektualne oraz stan emocjonalny nowych uczestnik\u00f3w. Konsultuje si\u0119 te\u017c z rodzicami i opiekunami uczestnik\u00f3w w celu wsp\u00f3lnego, p\u0142ynnego oddzia\u0142ywania terapeutycznego na podopiecznych plac\u00f3wki.<\/p>\n<p style=\"text-align: justify;\" data-wahfont=\"14\"><strong>LOGOPEDA<\/strong><\/p>\n<p style=\"text-align: justify;\" data-wahfont=\"14\">Terapia logopedyczna uczestnik\u00f3w jest terapi\u0105 indywidualn\u0105 uwzgl\u0119dniaj\u0105c\u0105 aktualny poziom rozwoju mowy oraz poziom rozwoju psychoruchowego. Obejmuje nie tylko \u0107wiczenia narz\u0105d\u00f3w mowy, bowiem niemo\u017cliwe jest sprawne funkcjonowanie mowy bez usprawniania tak\u017ce innych funkcji, tj. wzrokowej, s\u0142uchowej, orientacji przestrzennej, rozwoju ruchowego, sfery emocjonalnej. Praca logopedyczna skupia si\u0119 wi\u0119c na usprawnianiu tych funkcji.<\/p>\n<p style=\"text-align: justify;\" data-wahfont=\"14\"><strong>Kr\u00f3tko o Stowarzyszeniu<\/strong><\/p>\n<p style=\"text-align: justify;\" data-wahfont=\"14\">Podstawowym celem Stowarzyszenia jest dzia\u0142anie na rzecz wyr\u00f3wnywania szans os\u00f3b niepe\u0142nosprawnych i tworzenia warunk\u00f3w przestrzegania wobec nich praw cz\u0142owieka oraz prowadzenie ich ku aktywnemu uczestnictwu w \u017cyciu spo\u0142ecznym oraz wspieranie ich rodzin. Realizuje swoje zadania poprzez integracj\u0119 i wyr\u00f3wnanie szans edukacyjnych i rozwojowych os\u00f3b niepe\u0142nosprawnych w zakresie kultury, sportu, turystyki, edukacji itp. Jednym z najwa\u017cniejszych zada\u0144 jest w\u0142\u0105czanie os\u00f3b niepe\u0142nosprawnych i ich rodzin do aktywnego \u017cycia spo\u0142ecznego, likwidacja barier psychologicznych, architektonicznych, komunikacyjnych, spo\u0142ecznych i biurokratycznych.<strong>&nbsp;Stowarzyszenie na Rzecz Os\u00f3b Niepe\u0142nosprawnych i Ich Rodzin w Olsztynku<\/strong>&nbsp;powsta\u0142o w czerwcu 1998 r. Jest organizacj\u0105 po\u017cytku publicznego zrzeszaj\u0105c\u0105 osoby niepe\u0142nosprawne i ich rodziny.&nbsp;<\/p>\n<p style=\"text-align: justify;\" data-wahfont=\"14\">Stowarzyszenie znaj\u0105c potrzeby os\u00f3b z niepe\u0142nosprawno\u015bciami w zakresie aktywizacji zawodowej, zaadaptowa\u0142a i zmodernizowa\u0142a pomieszczenia dla dzia\u0142alno\u015bci&nbsp;<strong>Warsztat\u00f3w Terapii Zaj\u0119ciowej w Olsztynku.<\/strong><\/p>\n<p style=\"text-align: justify;\" data-wahfont=\"14\">W sta\u0142ym kalendarzu dzia\u0142a\u0144 Stowarzyszenia s\u0105 imprezy zwi\u0105zane z integracj\u0105 ze \u015brodowiskiem lokalnym, wsp\u00f3\u0142praca z innymi organizacjami pozarz\u0105dowymi, m\u0142odzie\u017cowymi i instytucjami wspomagaj\u0105cymi dzia\u0142alno\u015b\u0107. Stowarzyszenie organizuje wycieczki turystyczno-krajoznawcze, festyny, integracyjne olimpiady sportowe, spotkania edukacyjne i wspieraj\u0105ce rodziny posiadaj\u0105ce dziecko niepe\u0142nosprawne. Stowarzyszenie aktywnie uczestniczy w pracach Warmi\u0144sko-Mazurskiego Sejmiku Os\u00f3b Niepe\u0142nosprawnych.<\/p>\n<p style=\"text-align: justify;\" data-wahfont=\"14\">Cz\u0142onkowie Stowarzyszenia bior\u0105 udzia\u0142 w r\u00f3\u017cnego rodzaju szkoleniach, konferencjach, warsztatach, zjazdach maj\u0105cych na celu podniesienie standard\u00f3w pracy z osobami z niepe\u0142nosprawno\u015bciami oraz podniesienie jako\u015bci dzia\u0142ania organizacji.<\/p>\n<\/div>\n","protected":false},"excerpt":{"rendered":"<p>Witamy na stronie Warsztat\u00f3w Terapii Zaj\u0119ciowej w Olsztynku! Warsztaty Terapii Zaj\u0119ciowej w Olsztynku&nbsp;dzia\u0142aj\u0105 przy&nbsp;Stowarzyszeniu na Rzecz Os\u00f3b Niepe\u0142nosprawnych i Ich Rodzin&nbsp;od 2007 roku.&nbsp;Plac\u00f3wka prowadzi rehabilitacj\u0119 spo\u0142eczno-zawodow\u0105 dla 30 os\u00f3b. Uczestnicy pochodz\u0105 z gmin: Olsztynek, Gietrzwa\u0142d oraz Grunwald. Kierownikiem Warsztat\u00f3w Terapii Zaj\u0119ciowej w Olsztynku jest&nbsp;Iwona Panasiuk \u2013 Kowalewska. Celem WTZ jest d\u0105\u017cenie do usamodzielnienia uczestnik\u00f3w, poprzez\u2026 <span class=\"read-more\"><a href=\"https:\/\/wtzolsztynek.idsl.pl\/\">Dowiedz si\u0119 wi\u0119cej &raquo;<\/a><\/span><\/p>\n","protected":false},"author":1,"featured_media":0,"parent":0,"menu_order":1,"comment_status":"closed","ping_status":"closed","template":"","meta":{"ngg_post_thumbnail":0,"footnotes":""},"class_list":["post-66","page","type-page","status-publish","hentry"],"_links":{"self":[{"href":"https:\/\/wtzolsztynek.idsl.pl\/index.php?rest_route=\/wp\/v2\/pages\/66","targetHints":{"allow":["GET"]}}],"collection":[{"href":"https:\/\/wtzolsztynek.idsl.pl\/index.php?rest_route=\/wp\/v2\/pages"}],"about":[{"href":"https:\/\/wtzolsztynek.idsl.pl\/index.php?rest_route=\/wp\/v2\/types\/page"}],"author":[{"embeddable":true,"href":"https:\/\/wtzolsztynek.idsl.pl\/index.php?rest_route=\/wp\/v2\/users\/1"}],"replies":[{"embeddable":true,"href":"https:\/\/wtzolsztynek.idsl.pl\/index.php?rest_route=%2Fwp%2Fv2%2Fcomments&post=66"}],"version-history":[{"count":7,"href":"https:\/\/wtzolsztynek.idsl.pl\/index.php?rest_route=\/wp\/v2\/pages\/66\/revisions"}],"predecessor-version":[{"id":11000,"href":"https:\/\/wtzolsztynek.idsl.pl\/index.php?rest_route=\/wp\/v2\/pages\/66\/revisions\/11000"}],"wp:attachment":[{"href":"https:\/\/wtzolsztynek.idsl.pl\/index.php?rest_route=%2Fwp%2Fv2%2Fmedia&parent=66"}],"curies":[{"name":"wp","href":"https:\/\/api.w.org\/{rel}","templated":true}]}}